 Let h(d) = 2*d + 4*d + 1 - 16*d + 4*d. Calculate h(l).
-11
Let l(q) = -8*q**3 + q**2 - 1. Let x(f) = -f**2 - 2*f + 4. Let c be x(-3). Calculate l(c).
-8
Let d(s) = -s**3 + 5*s**2 - 2*s + 3. Let w be (-11 + 10)/((-2)/10). Calculate d(w).
-7
Let b(w) be the second derivative of 7*w + 0 + 5/6*w**3 + w**2 + 1/12*w**4. What is b(-6)?
8
Let h(c) = -3*c + 2. Let k(g) = 2*g - 2. Let t(n) = -n**3 - 3*n**2 - 2*n - 1. Let s be t(-3). Let o(u) = s*h(u) + 6*k(u). Determine o(2).
-8
Let g(f) = f**3 - f**2 - f. Let v = 19 + -16. Suppose 2*j = -2*u + 4*u + 4, 3*j + v*u - 6 = 0. Calculate g(j).
2
Let c(x) = x**3 - 3*x**2 - 3*x + 3. Let z(v) = v - 1. Let n be z(7). Suppose 2*a = 4*i - n, -4*i + a + 6 + 3 = 0. Let p be i*1 + (5 - 4). Calculate c(p).
7
Let i = -1 - -2. Let y(v) = -5 + 5*v - 2 + 3*v**2 - v**3 + i. Suppose -5*h + 20 = -0. Give y(h).
-2
Let z be 4 + 2 + -2 - 1. Suppose -9 = -2*x - z*h, 5*x = 5*h - 19 + 54. Let p(v) = -v**3 + 6*v**2 + 5. Give p(x).
5
Let m(u) = u**2 - 4*u - 3. Suppose -2*o = x - 13, 4*o + 5*x - 4 = 31. Give m(o).
2
Let m(b) = -3*b**3 - 5*b**2 + 5*b + b**3 + 0*b**3 + b**3 - 7. Give m(-6).
-1
Let f(c) = -c**3 + 5*c**2 + 2*c - 7. Let i = 4 - -1. What is f(i)?
3
Let o(i) = -1 + 3*i**2 + 6*i - 1 - 4*i**2. Let z(u) = -u - 4. Let l be z(-6). Suppose 3*f = d + f, -f = l*d - 10. What is o(d)?
6
Let s(z) be the second derivative of z + 0 - 1/2*z**2 + 4/3*z**3. Give s(1).
7
Let x(u) = -3*u**2 + 4*u - 2. Let l = 29 + -27. Determine x(l).
-6
Let o(z) = -z**2 - 3*z + 1. Let c be o(-3). Let y = 0 + c. Let r(n) = 3*n**3 + n**2 - 2*n + 1. Calculate r(y).
3
Let u(o) = -o**2 - 11*o - 5. Let t be u(-10). Let r = -8 + t. Let w(n) = -n**2 - 4*n - 1. Give w(r).
2
Let l(r) = -r - 5. Let i be l(-3). Let a(u) = -5*u - 1. What is a(i)?
9
Let g(f) = f**3 - 14*f**2 + 14*f - 14. Let t be g(13). Let v(r) = 11*r**2 + 2*r + 1. Give v(t).
10
Let c(y) = y**3 + 7*y**2 - 9*y - 10. Let h = -15 - -7. Give c(h).
-2
Let c(p) = 2*p. Suppose -5*o = -x - 6, 0*o + 4*o - 1 = -3*x. Determine c(x).
-2
Let u(q) be the third derivative of q**8/6720 - q**6/720 - q**5/40 - q**4/24 - 9*q**2. Let v(k) be the second derivative of u(k). Calculate v(0).
-3
Let f = -9 + 9. Let a(d) = -3*d + 8*d + f*d**2 - d**2 - 3. Give a(5).
-3
Let x(b) = 15*b + 9 - 8*b - 8*b. Determine x(4).
5
Let b(g) = g**2 - 3*g - 4. Let c be b(5). Let u(i) = -4*i - 5. Let n(h) = -7*h - 9. Let z(x) = c*n(x) - 11*u(x). Let f(w) = -3*w. Let s be f(1). Calculate z(s).
-5
Let g(j) = 5 - 4 - j - j. Let m(z) = -3*z**3 - z - 1. Let u be m(-1). Let d be 0 + 4 - (-1 + u). Give g(d).
-3
Let l be (-48)/(-10) + (-1)/(-5). Let p(d) be the third derivative of 0*d + 0 - 1/4*d**4 - 1/30*d**l + 0*d**3 + d**2. Determine p(-4).
-8
Let n = 4 + -3. Let g(o) = -o**2 + o. Let r(d) = 5*d**2 - 13*d - 4. Let m(c) = n*r(c) + 6*g(c). What is m(-6)?
2
Let y(u) = -u**3 + 3*u**2 + 2*u + 4. Let f(v) = -4*v. Let z be f(-1). Suppose 0 = -3*k + z + 8. What is y(k)?
-4
Let n(q) = -q**2 - q + 7. Let x(j) = 2*j**2 - 11*j + 7. Let m be x(4). What is n(m)?
-13
Let t = -19 + 14. Let b(x) be the first derivative of -x**6/360 - 7*x**5/120 - x**4/8 + x**3/3 + 2. Let p(a) be the third derivative of b(a). Give p(t).
7
Let w(o) = o**2. Let d(m) = -m - 6*m**2 - 7 + 1 - 6*m + 5*m**2. Let h be d(-6). Suppose 0*l + 3*l + 19 = 5*u, -2*l + 5*u - 16 = h. What is w(l)?
9
Let g(b) = 0*b**3 - b**2 + b**3 - 94*b + 19 + 93*b. Determine g(0).
19
Let k(l) be the third derivative of 3*l**6/40 + l**5/60 - l**3/6 + 5*l**2. Give k(1).
9
Let h be ((-16)/6)/(-8) + (-5)/(-3). Let q(p) = -2*p**3 + 3*p**2 + 4*p - 5. Let m(a) = -2*a**3 + 3*a**2 + 5*a - 6. Let j(z) = -3*m(z) + 4*q(z). Determine j(h).
-4
Let h = -1 - -5. Suppose 42 - 11 = -h*t - 5*d, -d = 3. Let o(f) = -f - 9. Determine o(t).
-5
Let z(t) = t**2 + 2*t - 1. Let o be z(1). Suppose o*g - 3 - 9 = 0. Let h(u) = 11 + 1 - 2*u - 2*u**2 - 4*u**2 + u**3 - 6. Determine h(g).
-6
Suppose -6 = -2*a, j = -j + 2*a - 4. Let b(v) = -8*v**3 - 3*v**2 - 2*v + 6. Let y(k) = -9*k**3 - 4*k**2 - 2*k + 7. Let s(g) = -6*b(g) + 5*y(g). What is s(j)?
2
Let w(g) = g**3 + 9*g**2 - 6*g - 9. Let y(a) = -a**2 + a + 1. Let k(f) = -w(f) - 4*y(f). Let n be k(-5). Let s(z) = z**3 + 6*z**2 + 4*z + 4. What is s(n)?
9
Suppose -i + 2*i - 4 = 0. Suppose -2*j = i*m + 6, 3 = -m - 1. Suppose 6*a - j*a + 5 = 0. Let w(p) = p**3 + 4*p**2 - 4*p + 1. Calculate w(a).
-4
Let k(g) = 5*g**3 - 2*g**2 - g. Let a(o) = -o - 2. Let t be a(-8). Suppose m + 25 = t*m. Suppose -4*q = 4*d + 4, 5*d + 5 = -0*q + m*q. Give k(d).
-6
Let g(o) be the second derivative of 1/3*o**3 + 1/2*o**2 - o + 0 + 1/2*o**4. Determine g(-1).
5
Let y = -3 + 2. Let h(b) = 1 - 2*b - 9 + 3*b**3 - 2*b**2 + 7 + 2*b**3. Determine h(y).
-6
Let a(n) = 4*n**2 - 3*n + 2. Let h(b) = -5*b**2 + 3*b - 2. Let c(y) = 4*a(y) + 3*h(y). Let x = 7 - 3. Suppose -8 = -x*t + 2*t. What is c(t)?
6
Let r(g) = -g**2 - 6*g**2 - 4*g**2 + g**2. What is r(-1)?
-10
Let d(r) = r + 4. Let c(i) = -i**3 - 3*i**2 - i + 1. Let z be c(-3). Let o = z + -1. Let l be (-30)/(-9)*o/(-2). Give d(l).
-1
Let p = 14 + -12. Let a(f) = 2*f**2 - 1. Give a(p).
7
Let j(h) be the third derivative of -h**6/120 - h**4/24 - 7*h**3/6 + 6*h**2. Let v = 3 - 3. Calculate j(v).
-7
Let u(p) = -p. Let j(i) = -5*i + 3. Let n(t) = j(t) - 2*u(t). Let w = 3 + 0. Determine n(w).
-6
Let g(n) be the first derivative of -n**4/4 + n**3/3 + n**2 + 5. Calculate g(3).
-12
Let m = -46 + 35. Let o(r) = -r**3 - 10*r**2 + 11*r + 7. Give o(m).
7
Let r be (-6)/(-21) + (-36)/(-21). Let v(c) = r*c - 54 + 3*c + 53. What is v(-1)?
-6
Let q(a) = -a + 6. Suppose -x - 2*r - 5 = 0, 4*x - 4 = -6*r + 4*r. What is q(x)?
3
Let d(h) be the third derivative of -h**4/8 - h**3/6 + 2*h**2. Calculate d(-2).
5
Let c(d) be the first derivative of -d**3/3 - 5*d**2/2 - d - 1. Let r be (-6)/(((-24)/9)/(-4)). Let p be 3*(-2)/r*-6. Calculate c(p).
3
Let k(c) be the second derivative of 0 - c**3 + c + 1/20*c**5 + 1/3*c**4 - 3/2*c**2. Determine k(-5).
2
Suppose -3*t - 2*t = 0. Let m(x) = -3 - 3 + x**2 - 4*x + 0 + t. Give m(5).
-1
Suppose 5*a - 29 = 6. Let q = a + -4. Let c be (2 + 2)*q/6. Let z(w) = -w**3 + w**2 + 4*w - 3. Determine z(c).
1
Let x(k) = k + 3. Let b be x(0). Let f = 5 - b. Let q(g) = g**2 + 1 + 0*g**f + 4*g + 3. Determine q(-4).
4
Let b(g) = -6*g**2 - 4*g - 3*g + 7*g + g**3 - 2 - 9*g. What is b(7)?
-16
Let v(n) be the first derivative of -2*n**2 - 2*n + 7. What is v(2)?
-10
Suppose 6*n - 40 = n. Let t be (9/(-6))/(6/(-8)). Let x(d) = -t + d - n + 1. Calculate x(4).
-5
Suppose 4*b + 9 + 15 = 0. Let i = -3 - b. Let f(w) be the third derivative of -w**5/30 + 5*w**4/24 - 2*w**3/3 + 2*w**2. Calculate f(i).
-7
Let b(y) = y**3 - 5*y**2 - y + 3. Suppose 4*j + 0*j = 2*o - 14, 5*o - 24 = -j. Determine b(o).
-2
Let x(k) = -9*k + 14*k - 6*k + 6. What is x(4)?
2
Let j(i) = -2*i**2 + 11*i - 11. Let c(q) = -q**2 + 5*q - 5. Let n(b) = 7*c(b) - 3*j(b). What is n(2)?
-2
Let w(z) be the second derivative of -z**4/12 - 3*z**3/2 - z**2 - 8*z. Give w(-9).
-2
Let i(z) be the third derivative of 7*z**4/24 - 17*z**2. Give i(-2).
-14
Let d be 0 - (-1)/(-2)*0. Let c(i) be the third derivative of -1/60*i**5 + 0*i + 0 + 2*i**2 + 7/6*i**3 - 1/24*i**4. Calculate c(d).
7
Let l(c) = c + 1. Let g(y) = 2*y - 10. Let d be g(7). Give l(d).
5
Let l(d) = d**3 + 11*d**2 - 11*d + 7. Let k = 127 + -139. Give l(k).
-5
Let p(b) = -9*b + b + 5*b + b. What is p(-1)?
2
Let l(r) = -2*r**2 - 2*r + 7*r - 3*r. Let f(o) = 4*o - 5. Let g be ((-52)/65)/(4/(-10)). Let q be f(g). Determine l(q).
-12
Let u(i) = -2*i - 2. Suppose -3*v + 5*v = 38. Suppose 4*n + v + 1 = -m, -4*n - 32 = 4*m. Calculate u(m).
6
Let m(h) be the first derivative of h**3/3 + 13*h**2/2 + 6*h + 16. Determine m(-13).
6
Let w(x) be the third derivative of x**5/60 - 7*x**4/24 - 4*x**3/3 + 3*x**2. Let d(p) = 6*p**2 - 35*p - 40. Let j(y) = 2*d(y) - 11*w(y). Give j(-6).
2
Let t = 21 - 23. Let q(r) = r**2 + r. Determine q(t).
2
Let r = -3 + 4. Suppose 0 = 3*f + 2*f + 40. Let o(z) = -4*z**2 + 3*z + 2. Let d(g) = 13*g**2 - 8*g - 5. Let v(x) = f*o(x) - 3*d(x). Determine v(r).
-8
Let y(t) be the first derivative of -t**2/2 + t + 33. What is y(3)?
-2
Suppose 8 = 6*z - 10*z. Let s(o) = -6*o - 2. Calculate s(z).
10
Let c(b) = -8*b + 5. Let l(u) = -8*u + 6. Let g(f) = -6*c(f) + 5*l(f). Give g(1